{"id":6699,"date":"2020-08-19T19:15:09","date_gmt":"2020-08-20T00:15:09","guid":{"rendered":"http:\/\/localhost\/provida\/?page_id=6699"},"modified":"2021-01-11T08:58:22","modified_gmt":"2021-01-11T13:58:22","slug":"donaciones","status":"publish","type":"page","link":"http:\/\/www.smprovida.com\/provida\/?page_id=6699","title":{"rendered":"Donaciones"},"content":{"rendered":"<p>[vc_row css=\u00bb.vc_custom_1597984324472{padding-top: 100px !important;}\u00bb el_class=\u00bbz-index-2&#8243; responsive_css=\u00bbpadding_top_medium:220px\u00bb][vc_column parallax=\u00bbyes\u00bb scale_from_x=\u00bb1&#8243; scale_from_y=\u00bb1&#8243; scale_from_z=\u00bb1&#8243; from_opacity=\u00bb1&#8243; scale_to_x=\u00bb1&#8243; scale_to_y=\u00bb1&#8243; scale_to_z=\u00bb1&#8243; to_opacity=\u00bb0&#8243; parallax_trigger=\u00bbnumber\u00bb translate_from_y=\u00bb49&#8243; translate_to_y=\u00bb-130&#8243; parallax_duration=\u00bb1000&#8243; parallax_trigger_number=\u00bb0.3&#8243;]<style>.ld_fancy_heading_6a04a3f76fa4d h1{font-size:123px;line-height:1em;font-weight:700;color:rgb(0, 153, 255);}.ld_fancy_heading_6a04a3f76fa4d h1 {margin-bottom:0.25em !important;  } @media (min-width: 992px) { .ld_fancy_heading_6a04a3f76fa4d h1 {margin-bottom:0px !important;  }  } .ld_fancy_heading_6a04a3f76fa4d .lqd-highlight-inner{height:0.275em;bottom:0px;}.ld_fancy_heading_6a04a3f76fa4d h1 {margin-bottom:0.25em !important;  } @media (min-width: 992px) { .ld_fancy_heading_6a04a3f76fa4d h1 {margin-bottom:0px !important;  }  } <\/style><div class=\"ld-fancy-heading text-uppercase don-title ld_fancy_heading_6a04a3f76fa4d\">\n\t<h1 class=\"lqd-highlight-underline lqd-highlight-grow-left\" data-fittext=\"true\" data-fittext-options='{\"compressor\":0.65,\"maxFontSize\":\"currentFontSize\",\"minFontSize\":\"75\"}' data-split-text=\"true\" data-custom-animations=\"true\" data-ca-options='{\"triggerHandler\":\"inview\",\"animationTarget\":\".lqd-lines .split-inner\",\"duration\":\"1200\",\"delay\":\"80\",\"easing\":\"easeOutQuint\",\"direction\":\"forward\",\"initValues\":{\"translateX\":20,\"translateY\":-54,\"rotateZ\":3,\"opacity\":0},\"animations\":{\"translateX\":20,\"translateY\":-54,\"rotateZ\":0,\"opacity\":0.2}}' data-split-options='{\"type\":\"lines\"}'><span class=\"ld-fh-txt\"> Donaciones<\/span><\/h1><\/div>[\/vc_column][\/vc_row][vc_row][vc_column parallax=\u00bbyes\u00bb scale_from_x=\u00bb1&#8243; scale_from_y=\u00bb1&#8243; scale_from_z=\u00bb1&#8243; from_opacity=\u00bb1&#8243; scale_to_x=\u00bb1&#8243; scale_to_y=\u00bb1&#8243; scale_to_z=\u00bb1&#8243; to_opacity=\u00bb1&#8243; offset=\u00bbvc_col-md-6&#8243; translate_from_y=\u00bb14&#8243; translate_to_y=\u00bb-87&#8243;]<style>.ld_spacer_6a04a3f76fcdb{height:90px;}@media (min-width: 992px) { .ld_spacer_6a04a3f76fcdb{height:120px};}<\/style>\n<div class=\"ld-empty-space ld_spacer_6a04a3f76fcdb\"><span class=\"liquid_empty_space_inner\"><\/span><\/div>[vc_row_inner][vc_column_inner offset=\u00bbvc_col-md-8&#8243;]<style>.ld_fancy_heading_6a04a3f76fd46 h3{font-size:40px;line-height:1.3em;color:rgb(0, 0, 0);}.ld_fancy_heading_6a04a3f76fd46 .lqd-highlight-inner{height:0.275em;bottom:0px;}<\/style><div class=\"ld-fancy-heading mask-text don_subtitle ld_fancy_heading_6a04a3f76fd46\">\n\t<h3 class=\"lqd-highlight-underline lqd-highlight-grow-left\" data-split-text=\"true\" data-custom-animations=\"true\" data-ca-options='{\"triggerHandler\":\"inview\",\"animationTarget\":\".lqd-lines .split-inner\",\"duration\":\"1200\",\"startDelay\":\"1100\",\"delay\":\"180\",\"easing\":\"easeOutQuint\",\"direction\":\"forward\",\"initValues\":{\"translateY\":60,\"opacity\":0},\"animations\":{\"translateY\":0,\"opacity\":1}}' data-split-options='{\"type\":\"lines\"}'><span class=\"ld-fh-txt\"> <span style=\"color: #0959a5\">Ay\u00fadanos a mejorar,<br \/>\n<\/span><span style=\"color: #0959a5\">promover la salud y<br \/>\n<\/span><span style=\"color: #0959a5\">defender la vida.<\/span><\/span><\/h3><\/div><style>.ld_spacer_6a04a3f76fdce{height:5px;}<\/style>\n<div class=\"ld-empty-space ld_spacer_6a04a3f76fdce\"><span class=\"liquid_empty_space_inner\"><\/span><\/div><style>.ld_fancy_heading_6a04a3f76fe25 p{font-size:16px;line-height:1.85em;color:rgb(128, 130, 145);}.ld_fancy_heading_6a04a3f76fe25 .lqd-highlight-inner{height:0.275em;bottom:0px;}<\/style><div class=\"ld-fancy-heading don_description ld_fancy_heading_6a04a3f76fe25\">\n\t<p class=\"lqd-highlight-underline lqd-highlight-grow-left\" data-split-text=\"true\" data-custom-animations=\"true\" data-ca-options='{\"triggerHandler\":\"inview\",\"animationTarget\":\".lqd-lines .split-inner\",\"duration\":\"1200\",\"startDelay\":\"600\",\"delay\":\"180\",\"easing\":\"easeOutQuint\",\"direction\":\"forward\",\"initValues\":{\"translateY\":29,\"rotateZ\":2,\"opacity\":0},\"animations\":{\"translateY\":0,\"rotateZ\":0,\"opacity\":1}}' data-split-options='{\"type\":\"lines\"}'><span class=\"ld-fh-txt\"> Su aporte servir\u00e1 para promover la participaci\u00f3n de la comunidad en el ejercicio de sus derechos a la salud, con un enfoque de equidad.<\/span><\/p><\/div>[\/vc_column_inner][\/vc_row_inner]<style>.ld_spacer_6a04a3f76fe6c{height:30px;}<\/style>\n<div class=\"ld-empty-space ld_spacer_6a04a3f76fe6c\"><span class=\"liquid_empty_space_inner\"><\/span><\/div>[\/vc_column][vc_column offset=\u00bbvc_col-md-6&#8243;]<div id=\"ld_images_group_container_6a04a3f76feb0\" class=\"liquid-img-group-container ld_images_group_container_6a04a3f76feb0\"  >\n\t<div class=\"liquid-img-group-inner\">\n\t\t<style>@media (min-width: 992px) { .ld_images_group_element_6a04a3f76ff40 {margin-top:-40px !important;  }  } <\/style><div id=\"ld_images_group_element_6a04a3f76ff40\" class=\"liquid-img-group-single ld_images_group_element_6a04a3f76ff40\" data-shadow-style=\"4\" data-inview=\"true\" data-inview-options='{\"delayTime\":800}' data-animate-shadow=\"true\">\n\t\n\t\t\n\t<div class=\"liquid-img-group-img-container\">\n\t\t\n\t\t\n\t\t\t\t\n\t\t\t\t<div class=\"liquid-img-container-inner\" data-parallax=\"true\" data-parallax-from='{\"translateY\":-60}' data-parallax-to='{\"translateY\":87}' data-parallax-options='{\"overflowHidden\":false,\"easing\":\"linear\"}'>\n\t\t\t<figure ><img width=\"700\" height=\"700\" src=\"data:image\/svg+xml;charset=utf-8,&lt;svg xmlns%3D&#039;http%3A%2F%2Fwww.w3.org%2F2000%2Fsvg&#039; viewBox%3D&#039;0 0  &#039;%2F&gt;\" class=\"attachment-full size-full ld-lazyload\" alt=\"\" loading=\"lazy\" srcset=\"\" sizes=\"(max-width: 700px) 100vw, 700px\" data-src=\"http:\/\/www.smprovida.com\/provida\/wp-content\/uploads\/don_1.jpg\" data-srcset=\"http:\/\/www.smprovida.com\/provida\/wp-content\/uploads\/don_1.jpg 700w, http:\/\/www.smprovida.com\/provida\/wp-content\/uploads\/don_1-300x300.jpg 300w, http:\/\/www.smprovida.com\/provida\/wp-content\/uploads\/don_1-150x150.jpg 150w\" data-aspect=\"\" \/><\/figure>\t\t\t\t\t<\/div><!-- \/.liquid-img-container-inner -->\n\t\t\n\t<\/div><!-- \/.liquid-img-group-content -->\n<\/div><!-- \/.liquid-img-group-single -->\n\t\n\t<\/div><!-- \/.liquid-img-group-inner -->\n<\/div><!-- \/.liquid-img-group-container -->[\/vc_column][\/vc_row][vc_row responsive_css=\u00bbpadding_top_medium:220px|padding_bottom_medium:60px\u00bb css=\u00bb.vc_custom_1597985432431{padding-top: 100px !important;padding-bottom: 30px !important;}\u00bb][vc_column enable_content_animation=\u00bbyes\u00bb ca_init_scale_x=\u00bb1&#8243; ca_init_scale_y=\u00bb1&#8243; ca_init_scale_z=\u00bb1&#8243; ca_init_opacity=\u00bb0&#8243; ca_an_scale_x=\u00bb1&#8243; ca_an_scale_y=\u00bb1&#8243; ca_an_scale_z=\u00bb1&#8243; ca_an_opacity=\u00bb1&#8243; offset=\u00bbvc_col-md-10&#8243; el_class=\u00bbtitle_center_content\u00bb ca_duration=\u00bb1800&#8243; ca_delay=\u00bb180&#8243; ca_init_translate_y=\u00bb75&#8243;]<style>.ld_section_title_6a04a3f771104 h2{color:rgb(9, 89, 165);}<\/style><header class=\"fancy-title text-center ld_section_title_6a04a3f771104\">\n\t<h2>Las donaciones ser\u00e1 a trav\u00e9s de las cuentas corrientes del Banco de Cr\u00e9dito del Per\u00fa:<\/h2>\t\t<\/header>[\/vc_column][\/vc_row][vc_row gap=\u00bb25&#8243; equal_height=\u00bbyes\u00bb enable_content_animation=\u00bbyes\u00bb ca_init_scale_x=\u00bb1&#8243; ca_init_scale_y=\u00bb1&#8243; ca_init_scale_z=\u00bb1&#8243; ca_init_opacity=\u00bb0&#8243; ca_an_scale_x=\u00bb1&#8243; ca_an_scale_y=\u00bb1&#8243; ca_an_scale_z=\u00bb1&#8243; ca_an_opacity=\u00bb1&#8243; responsive_css=\u00bbpadding_bottom_medium:60px\u00bb css=\u00bb.vc_custom_1598073053272{padding-bottom: 30px !important;}\u00bb ca_init_translate_y=\u00bb75&#8243; ca_duration=\u00bb1800&#8243; ca_delay=\u00bb180&#8243;][vc_column gradient_bg_color=\u00bblinear-gradient(90deg, rgb(9, 89, 165) 0.3184713375796178%, #0a7fef 100%)\u00bb responsive_css=\u00bbpadding_top_medium:4rem|padding_right_medium:6rem|padding_bottom_medium:4rem|padding_left_medium:6rem\u00bb css=\u00bb.vc_custom_1597986506344{margin-bottom: 2.5rem !important;padding-top: 3rem !important;padding-right: 2rem !important;padding-bottom: 3rem !important;padding-left: 2rem !important;}\u00bb offset=\u00bbvc_col-md-6&#8243;][vc_column_text]<\/p>\n<h3><span style=\"color: #ffffff;\">En soles<\/span><br \/>\n<span style=\"color: #ffffff;\">193-0494508-028<\/span><\/h3>\n<p>[\/vc_column_text][\/vc_column][vc_column responsive_css=\u00bbpadding_top_small:4rem|padding_right_small:6rem|padding_bottom_small:4rem|padding_left_small:6rem\u00bb css=\u00bb.vc_custom_1597986513673{margin-bottom: 2.5rem !important;padding-top: 3rem !important;padding-right: 2rem !important;padding-bottom: 3rem !important;padding-left: 2rem !important;}\u00bb gradient_bg_color=\u00bblinear-gradient(90deg, rgb(0, 136, 255) 1.2738853503184713%, rgb(4, 238, 255) 100%)\u00bb offset=\u00bbvc_col-md-6&#8243;][vc_column_text]<\/p>\n<h3><span style=\"color: #ffffff;\">En dolares<\/span><br \/>\n<span style=\"color: #ffffff;\">193-00333144-197<\/span><\/h3>\n<p>[\/vc_column_text][\/vc_column][\/vc_row][vc_row responsive_css=\u00bbpadding_bottom_medium:220px\u00bb css=\u00bb.vc_custom_1597985815408{padding-bottom: 100px !important;}\u00bb][vc_column enable_content_animation=\u00bbyes\u00bb ca_init_scale_x=\u00bb1&#8243; ca_init_scale_y=\u00bb1&#8243; ca_init_scale_z=\u00bb1&#8243; ca_init_opacity=\u00bb0&#8243; ca_an_scale_x=\u00bb1&#8243; ca_an_scale_y=\u00bb1&#8243; ca_an_scale_z=\u00bb1&#8243; ca_an_opacity=\u00bb1&#8243; el_class=\u00bbtitle_center_content\u00bb offset=\u00bbvc_col-md-10&#8243; ca_duration=\u00bb1800&#8243; ca_delay=\u00bb180&#8243; ca_init_translate_y=\u00bb75&#8243;][vc_column_text]<\/p>\n<p style=\"text-align: center;\">Por razones de seguridad, no se enviar\u00e1 ninguna comunicaci\u00f3n (correo electr\u00f3nico, llamadas telef\u00f3nicas, entre otros), sin embargo, la persona natural o jur\u00eddica que requiera una constancia de donaci\u00f3n, comunicarse a los tel\u00e9fonos institucionales<\/p>\n<p>[\/vc_column_text][\/vc_column][\/vc_row]<\/p>\n","protected":false},"excerpt":{"rendered":"<p>[vc_row css=\u00bb.vc_custom_1597984324472{padding-top: 100px !important;}\u00bb el_class=\u00bbz-index-2&#8243; responsive_css=\u00bbpadding_top_medium:220px\u00bb][vc_column parallax=\u00bbyes\u00bb scale_from_x=\u00bb1&#8243; scale_from_y=\u00bb1&#8243; scale_from_z=\u00bb1&#8243; from_opacity=\u00bb1&#8243; scale_to_x=\u00bb1&#8243; scale_to_y=\u00bb1&#8243; scale_to_z=\u00bb1&#8243; to_opacity=\u00bb0&#8243;&#8230;<\/p>\n","protected":false},"author":1,"featured_media":0,"parent":0,"menu_order":0,"comment_status":"closed","ping_status":"closed","template":"","meta":[],"_links":{"self":[{"href":"http:\/\/www.smprovida.com\/provida\/index.php?rest_route=\/wp\/v2\/pages\/6699"}],"collection":[{"href":"http:\/\/www.smprovida.com\/provida\/index.php?rest_route=\/wp\/v2\/pages"}],"about":[{"href":"http:\/\/www.smprovida.com\/provida\/index.php?rest_route=\/wp\/v2\/types\/page"}],"author":[{"embeddable":true,"href":"http:\/\/www.smprovida.com\/provida\/index.php?rest_route=\/wp\/v2\/users\/1"}],"replies":[{"embeddable":true,"href":"http:\/\/www.smprovida.com\/provida\/index.php?rest_route=%2Fwp%2Fv2%2Fcomments&post=6699"}],"version-history":[{"count":14,"href":"http:\/\/www.smprovida.com\/provida\/index.php?rest_route=\/wp\/v2\/pages\/6699\/revisions"}],"predecessor-version":[{"id":7204,"href":"http:\/\/www.smprovida.com\/provida\/index.php?rest_route=\/wp\/v2\/pages\/6699\/revisions\/7204"}],"wp:attachment":[{"href":"http:\/\/www.smprovida.com\/provida\/index.php?rest_route=%2Fwp%2Fv2%2Fmedia&parent=6699"}],"curies":[{"name":"wp","href":"https:\/\/api.w.org\/{rel}","templated":true}]}}